= 225 - 219. Calculate the highest common divisor of j and 4.
2
Let s(i) = -24*i + 1. Let f be s(-1). Let t be (1 + 4/(-6))*15. Calculate the highest common factor of t and f.
5
Let r be (-1)/3 - 5408/(-24). Calculate the highest common divisor of r and 36.
9
Let w = 112 + -108. Suppose -w*s - 2*v + 93 = -v, s + 3 = 5*v. What is the highest common factor of 22 and s?
22
Let b(l) = 53*l**2 - 4*l - 6. Let c be b(-5). What is the greatest common divisor of c and 13?
13
Suppose -6*y - 106 = -382. Calculate the highest common factor of y and 1150.
46
Suppose 5*v - 74 = -14. Let m(b) = b**2 + 2*b + 22. Let y be m(-4). Calculate the highest common divisor of y and v.
6
Suppose 2*p - 18 = -0*p. Suppose y = -p + 11. Calculate the highest common divisor of y and 14.
2
Let x = -1045 - -1756. Calculate the greatest common factor of x and 79.
79
Suppose 0 = -29*z + 30*z - 25. Calculate the highest common divisor of z and 20.
5
Suppose 0 = 8*n - 4*n - 80. Let i(f) = -f + 1. Let q be i(-3). Calculate the greatest common divisor of n and q.
4
Suppose -2*t + 3*t - 24 = 0. Let a(s) = -s**2 + s**2 + s**2 + s - 9. Let n be a(3). Calculate the greatest common divisor of n and t.
3
Let a be (-4)/18 - 10205/(-117). Let v(t) = 88*t**3 - a*t**3 - 7*t**2 - 2 + 4*t + 0*t. Let k be v(9). Calculate the highest common divisor of 28 and k.
28
Let k(s) = s**3 + 13*s**2 + 13*s + 9. Let t be k(-12). Let l be 3*(t - -2) - -11. Let o = -25 + 41. Calculate the greatest common divisor of o and l.
8
Suppose -3*b - 34 = 95. Let g = b - -62. Let d be (-574)/(-6) + 12/(-18). Calculate the greatest common divisor of g and d.
19
Suppose -5*s + 8*s = -15. Let p(m) = 28*m**2 + m + 5. Let f be p(s). Suppose 2*t - f = -3*t. What is the greatest common divisor of 20 and t?
20
Suppose g = 4*y + 302, -3*y - 297 = -2*g + g. Calculate the highest common divisor of 12 and g.
6
Suppose -8*g + 138 = -118. Let n = -11 + -3. Let q be n/(-21) - (-1724)/6. Calculate the highest common divisor of g and q.
32
Let x(o) = -o**3 + 5*o**2 + 11*o + 3. Let i be x(6). What is the greatest common factor of i and 77?
11
Let k be 3 + 5/((-10)/6). Suppose 5*x - 4*b - 130 = k, 137 = 3*x - 5*b + 46. Let l = 567 + -369. What is the greatest common factor of l and x?
22
Let x(j) = j**3 - 11*j**2 - 3*j + 18. Let u be x(9). Let m = 301 + u. Let b be (-2)/5*65/(-1). What is the greatest common factor of b and m?
26
Suppose 6*i = 2278 - 2224. Let h = 133 - 88. Calculate the greatest common divisor of i and h.
9
Let o be 16 - (-7 + -1) - -1. Calculate the highest common divisor of o and 725.
25
Suppose 2*u + 2*u - 16 = 0. Let h be (-3 - -3)/(-2) - 3. Let s be h/(-2) + (-259)/(-14). Calculate the highest common factor of s and u.
4
Suppose -5 = 23*s - 20 - 8. Suppose 0 = 3*v + 2*u - 1 - 3, 3*u = -3. Let h = 10 - v. Calculate the greatest common divisor of h and s.
1
Let h(v) = v + 8. Let t be h(-4). Let y be (-8 - 12)*t*-1. Suppose -2*a + 25 = 5. Calculate the highest common divisor of a and y.
10
Let p be (25/(-3))/(3/(-9)). Suppose n - p = 17. Suppose 5*z - 9 = f, 0*z + 3*z = f + 3. What is the highest common divisor of n and f?
6
Let y = 0 + -10. Let h(t) = t**3 + 10*t**2 - t + 6. Let m be h(y). Calculate the highest common divisor of 48 and m.
16
Let t be (-122)/(-14) - (-2)/7. Let j be 147*29/203*(-24)/(-7). Calculate the highest common divisor of j and t.
9
Suppose 52 = -5*p + 2*d, 0*p - 5*d = p + 32. Let g = p + -15. Let c = g - -30. Calculate the greatest common divisor of c and 15.
3
Let t = 36 + -34. Suppose 20 = 5*i, 3*x + t*i - 11 - 57 = 0. What is the greatest common factor of x and 10?
10
Let y be (-24)/15*15/(-1). Suppose -k + 3*h + 0 = 9, -3 = k - h. Suppose -4*i = -k*i - 240. What is the greatest common factor of i and y?
12
Let f(g) = g**3 + 10*g**2 - 14*g - 12. Let m be f(-11). Calculate the highest common divisor of 315 and m.
21
Suppose 0 = -0*s + 3*s - 9. Suppose l + 2*l - 63 = s*x, 4*x + 12 = 0. Suppose -5*c + 49 = 4. Calculate the greatest common divisor of l and c.
9
Let n be (5 - 2) + (1 - -6). Let r be (n/6)/((-2)/(-18)). Calculate the greatest common factor of r and 105.
15
Suppose 5*a = -22 + 27, 3*j - a = 44. What is the greatest common factor of j and 60?
15
Let y be 2/4*10*(-14 - -15). Calculate the highest common factor of 155 and y.
5
Let a(r) = 2*r**2 + 11*r + 55. Let z be a(-7). Calculate the highest common factor of z and 1178.
38
Let k = 400 + -200. Calculate the greatest common factor of 100 and k.
100
Let n(u) = 5*u**2 - 19. Let m be n(-3). What is the greatest common factor of m and 2054?
26
Suppose 143*m - 1490 = 138*m. Let r = m - 154. Let h(s) = 3*s**2 + 2*s - 3. Let t be h(-3). Calculate the highest common divisor of r and t.
18
Let l(u) = 6*u**2 - 2. Let m be l(-2). Let z = 68 - 57. What is the greatest common divisor of m and z?
11
Let q(x) = x**3 - 12*x**2 - 13*x + 4. Let a be q(13). Suppose -a*m - 25 = -9*m. Let c be 2/8 - 118/(-8). Calculate the highest common divisor of c and m.
5
Suppose 3*t - 100 = 2*u, 0 = 2*u + 2*u + 3*t + 236. Suppose -2*h = 86 + 86. Let i = u - h. Calculate the highest common factor of 15 and i.
15
Let c = 282 + -233. Calculate the greatest common divisor of 14 and c.
7
Let d(p) = 3*p**2 - 3 - 13*p + 0*p**2 - p**2 - 3*p**2. Let x be d(-12). Calculate the greatest common divisor of x and 27.
9
Suppose -3*c + 3*u - 15 = -174, -2*c = 4*u - 94. Let a = 38 + -21. What is the greatest common factor of c and a?
17
Let w be (8/(-18))/((-78)/2457). Calculate the greatest common divisor of w and 21.
7
Let i(w) be the first derivative of w**3/3 + 5*w**2/2 + 2*w - 8. Let x be i(-6). Let k = 29 + 3. What is the highest common divisor of x and k?
8
Let c be 1 + (-4)/((-8)/22). Let b be 27/c + 4/(-16). Suppose b*d - 3*o + 5*o - 76 = 0, -5*d + o + 214 = 0. What is the highest common divisor of 6 and d?
6
Let y be 7 - 0 - (10 - (-20)/(-2)). Let c(v) = 7*v. Let z be c(1). Calculate the highest common divisor of y and z.
7
Let i(s) = 19*s + 3. Let d be i(3). Let b be -1*9/((-42)/(-16) - 3). What is the greatest common factor of b and d?
12
Suppose 3*k + 8 = 23. Suppose 0 = k*g - 50 - 85. Calculate the highest common divisor of g and 9.
9
Let z be ((36/3)/(-6))/((-1)/(891/6)). Let l = -72 + 107. Let r = -8 + l. What is the greatest common factor of r and z?
27
Suppose 24 - 3 = -3*h. Let z = h - 1. Let x = z - -12. What is the highest common factor of x and 8?
4
Suppose -4*c = 2*x + 3*x - 7, -4*x - 20 = 0. Let o = 59 + 23. Suppose 0*u - o = -a - 3*u, -4*u - 8 = 0. What is the greatest common divisor of a and c?
8
Suppose 3 = -w + 2. Suppose 66 = 9*n - 20*n. Let c be n*(36/(-8) + w). Calculate the greatest common factor of c and 22.
11
Let a(v) = -v**3 + 8*v**2 - 8*v - 8. Let f be a(6). What is the greatest common factor of f and 64?
16
Let a = -87 + 108. Calculate the highest common divisor of a and 140.
7
Let k = 281 + -258. Calculate the greatest common divisor of 207 and k.
23
Let r be -1 - (-42)/30 - 503/(-5). Let c be (r - 3) + 2 + -4. What is the highest common factor of 12 and c?
12
Suppose 66*z = 63*z + 312. Let a = 83 + -70. Calculate the greatest common factor of z and a.
13
Let s be 8/18 - 123337/(-261). Calculate the greatest common divisor of 43 and s.
43
Let c(o) = o**2 + 21*o + 69. Let j be c(-20). What is the greatest common factor of 392 and j?
49
Let h(v) be the first derivative of -47*v**2/2 + 19*v + 35. Let i be h(-3). What is the greatest common factor of 20 and i?
20
Let x be 0 + -1 - 77/(-7). Let n be (102/(-4))/((-5)/x). Suppose a - 7 = 5*z, -5*z = a + a - 44. Calculate the greatest common divisor of a and n.
17
Suppose 0 = -8*d + 158 + 370. Calculate the greatest common factor of 187 and d.
11
Suppose 29 = 3*i - 25. Let u be ((-2)/4)/(1/(-6)). Suppose -49 = -2*y + m, 4*m = -2*y + u*m + 59. Calculate the highest common factor of i and y.
9
Let n be 111/(-3) - (-2 - -1). Let z be 6/(n/(-15))*-2. Let r = z - -16. Calculate the highest common factor of 22 and r.
11
Let h(r) = -r + 1. Let w(f) = f**2 - 7*f - 9. Let o(m) = -2*h(m) - w(m). Let d = 35 - 27. Let q be o(d). Calculate the greatest common divisor of 15 and q.
15
Suppose 3*a = -5*s + 2*a + 1997, s - 391 = 4*a. Let z = s - 199. What is the greatest common factor of 20 and z?
20
Suppose 5*k 